-8) + -8))
1
1 - (-11 - -1) - 8
3
Evaluate 0 + -1 + (-3 - -1).
-3
Calculate 5 + -7 - (1 + 1 + -3).
-1
Evaluate 4 + (-3 - (1 - (-2 - -2))).
0
What is the value of 7 - ((10 - 12) + (9 - 2))?
2
Calculate -5 + (-3 - (-7 - (-2 - 2))).
-5
What is 2 + -1 + -5 + 9 - 10?
-5
What is 4 + -10 + 3 + 1?
-2
(0 - (-3 - -3) - -7) + -3
4
Calculate 2 - (-4 + -5 + -1 - -3).
9
(-2 - 1) + -11 + 8 + 0
-6
Evaluate -11 - -7 - (-5 - 0).
1
What is 4 + (-6 - (-1 - (3 + -2)))?
0
What is the value of 1 + 9 + -16 + 1?
-5
Evaluate 6 - (-23 + 28 + -5 + 1).
5
Calculate -1 + (-2 - -4) + -5.
-4
What is the value of (6 + -4 - 0) + -3?
-1
Calculate -5 + (2 - 2 - -1) - -2.
-2
Calculate 0 - (12 + 11 + -31).
8
Calculate 0 + -3 - (-2 + -1 + 3).
-3
What is -26 + 21 + (1 - -10)?
6
What is the value of (2 - (5 + (-8 - -5))) + 2?
2
What is (-5 - -10 - 4) + -3 + -4?
-6
Evaluate (1 - (10 - 8)) + 2.
1
8 - (7 + 0 + 3)
-2
Evaluate 3 + -1 + (-2 - 2) - -7.
5
What is 1 + 2 + (2 - 10)?
-5
What is 10 - 8 - (18 + -25)?
9
What is 6 + (-15 - -7) - (0 - 0)?
-2
Evaluate -317 + 325 - (1 + 3 + 1).
3
What is -1 - 9 - (-22 + 14)?
-2
What is the value of -1 - 0 - (-28 + 28)?
-1
Evaluate 1 + -5 + -3 + -6 + 12.
-1
Evaluate (0 + 1 - 2 - 2) + 1.
-2
(-3 - (-5 + 7)) + 2 - -6
3
4 + (1 - (4 - (9 + -3)))
7
Evaluate (2 - (-1 - -12)) + -2 + 6.
-5
Evaluate 12 + (15 - 22) + 0 + -7.
-2
(-41 - -34) + 5 + -1
-3
Calculate -5 - (-7 - -9) - -4.
-3
What is the value of 1 + -2 + (83 - 77)?
5
What is the value of 2 - 0 - (-6 + 5)?
3
Calculate -9 - (-22 + 4 + 5).
4
-1 + (2 - (-2 + 8 + -1))
-4
What is -7 + 7 + -2 + -3 + -1?
-6
Calculate 1 + -8 + -23 + 23.
-7
What is -3 - (1 + -6 + (5 - 2))?
-1
Evaluate 0 - (-22 - -23 - (-2 - 2)).
-5
-4 - -2 - (-5 - -1)
2
Calculate -5 + 8 - -7 - 7.
3
Evaluate (-13 - -3) + 0 + 1 + 4.
-5
What is the value of -3 + (-15 + 14 - (-4 - 0))?
0
Calculate 1 + -5 + 8 + 1.
5
What is 5 + (-4 - -1 - 5)?
-3
What is the value of (8 - (-3 - -11)) + 6?
6
What is -4 - (4 + -6 + 2 + 1)?
-5
What is -3 + (0 - -3 - (1 + 3))?
-4
Calculate -5 - (4 - 2) - (-3 - -1).
-5
Evaluate -8 + (0 - (-11 - 1)).
4
What is (-1 + 1 - -4) + 47 + -47?
4
Evaluate 1 - 0 - (0 + -3 + 2).
2
What is 2 - (2 + (5 - (-7 - -13)))?
1
What is the value of -20 + (-1 - -11) - -9?
-1
What is the value of -7 + -5 + 7 + (1 - 0)?
-4
What is the value of 3 - (6 - (9 - 6) - 5)?
5
What is 0 - (-4 - (-8 - -5))?
1
(-1 - -1) + (-12 - -21) + -4
5
5 - ((-7 + 19 - 0) + -5)
-2
What is 1 - (2 + 0) - 3?
-4
What is the value of (0 - 4) + (2 - (3 - 2))?
-3
Evaluate -3 - (0 - (5 - 3)).
-1
-10 - -1 - (-6 - 3)
0
8 + (4 - (9 + -1))
4
Evaluate (6 - (3 - -14)) + 8.
-3
Evaluate 6 + -1 - (9 - (-9 + 18)).
5
What is the value of -2 + (-2 - (4 + -5))?
-3
1 + 5 + -4 + (-5 - -1)
-2
What is the value of 1 + 0 + (-2 - 2)?
-3
Evaluate (1 - 2) + 1 + (-6 - -7).
1
What is 0 - 0 - (11 - 15)?
4
Evaluate 0 + 2 - (-1 + (-3 - -3)).
3
What is the value of 3 + -5 + (-1 - -3) + 1?
1
What is the value of 9 + 0 + -4 + -3?
2
Evaluate (2 - 5 - 6) + 2.
-7
(-1 - (3 + -9) - 6) + -5
-6
What is the value of 3 + -8 - (0 - 4)?
-1
What is the value of 0 + 2 - (-1 + 1)?
2
-3 - (10 + -6 + -2) - -4
-1
Evaluate -5 - -7 - (-7 - -13).
-4
Evaluate 11 - ((-6 - -2) + 15).
0
0 + 4 + (-3 - -3)
4
Calculate 10 + (2 - 4) + -3 - 1.
4
What is 0 - 8 - -3 - -4?
-1
What is (21 - 19) + (1 - (0 + -1))?
4
Evaluate 94 + -86 + (1 + -1 - -1).
9
What is 0 + -13 - (3 - 22)?
6
Evaluate (6 - 10) + 13 + (4 - 13).
0
Evaluate -2 - -11 - (-7 + 8).
8
Evaluate 3 - 2 - -4 - 5.
0
What is 1 + 0 + -18 + 10?
-7
What is the value of 3 + 0 + 0 + 4 + -3?
4
Calculate (-10 - -2) + (-2 - (7 + -10)).
-7
What is (-4 + (5 - 4) - 4) + 2?
-5
(2 - 1) + -1 - (1 + 0)
-1
Calculate 27 + -35 + (1 - -2).
-5
Evaluate -23 + 10 + (14 - 10).
-9
What is the value of -5 - 0 - (-1 + 0 + -8)?
4
Evaluate -1 + -3 - -4 - (1 + 1).
-2
What is 3 + 2 + -10 + 3?
-2
Evaluate (-1 - -3) + -12 + 5.
-5
Evaluate -3 - (-2 + 8 + -2).
-7
What is (-1 + (1 - 1) - -1) + 2?
2
What is 35 - 36 - (1 + -7 + 1)?
4
What is 81 + -67 + (-2 - 6)?
6
What is 6 + 6 + -14 + (-6 - -2)?
-6
What is -5 + (2 - -2) - -3?
2
What is -8 - (2 + (-1 - (-8 - -7)))?
-10
Evaluate 5 - (10 - (-2 - -6)).
-1
Calculate 16 - 14 - (-5 + 2).
5
-1 - (2 - (-2 - 0))
-5
(1 - 3) + 0 + (1 - 3)
-4
What is the value of -1 - (2 + (5 - 6))?
-2
16 + -13 - (-3 - 1)
7
89 - 81 - (4 - (-2 + 1))
3
What is the value of (0 - (1 + 1)) + -1 - -2?
-1
Calculate 4 - (3 + 4 - 4).
1
21 - (10 + -9 + 11)
9
What is the value of (0 + -2 - 1) + 4 + 2?
3
Calculate (0 - 7) + 1 + 2 + -1.
-5
5 + 7 + -3 + -5
4
What is -4 - (1 - 2) - -4?
1
-2 + (-3 - -8 - 3) + 4
4
4 + -2 + -13 + 12 + -10
-9
-2 - ((-1 - -5 - 5) + -2)
1
-2 + 5 - 6 - -5 - 0
2
-7 + 6 - (0 + -1)
0
What is the value of (2 - -11) + (-9 - (8 - 12))?
8
What is (-10 - -4) + (3 - -8)?
5
Calculate -2 - (0 + -4) - 1.
1
3 + -4 + (-1 - -3)
1
-2 + (-3 + (5 - 8) - -1)
-7
What is the value of (-6 - -4) + (-3 - 1)?
-6
What is the value of (-5 - -9) + 0 + -9?
-5
-8 + 10 + 6 + -16
-8
Evaluate -9 - (0 - 2 - (-7 - -9)).
-5
-91 + 87 + (8 + 0 - -1)
5
Calculate (-2 - 0) + 2 + (29 - 25).
4
Evaluate 3 + 0 - (-1 - 5).
9
What is the value of 14 - ((-14 - -22) + 14)?
-8
6 - (-1 + 6 - 4)
5
Evaluate -7 - ((-1 - -8) + -16).
2
Calculate (0 - -1 - (-2 + 1)) + 1.
3
4 - (4 + (0 - -1))
-1
Calculate 89 - 105 - (-8 - 0).
-8
What is -4 + 1 + 1 + (20 - 20)?
-2
Calculate -11 + (3 - -4) - (-3 + 2).
-3
Evaluate -6 - (0 + -1) - (3 + -5).
-3
Evaluate 9 - 20 - -16 - (-2 + 12).
-5
Calculate -4 + (-3 - -5 - -4).
2
Calculate 1 + (-5 + 1 - -9) - 4.
2
-4 + (7 - -2) + -7
-2
-8 - (-3 - -7 - 5)
-7
What is 4 + -1 + 2 - 1?
4
What is the value of -8 + 0 - (-8 + 9 + -15)?
6
4 + (-2 - -10 - 4)
8
0 - -2 - (0 + 2 + -2)
2
Calculate 6 - (-15 + 3 + 4) - 6.
8
Calculate (53 - 62 - (-24 - 0)) + -6.
9
(10 - 9 - (0 + 2)) + 5
4
What is the value of -2 - (-1 - (-4 - -5) - 4)?
4
What is the value of (1 + 4 - 5) + -4?
-4
Evaluate 18 + (-2 - 2) - 5.
9
What is the value of (-1 - -6) + (3 - (-1 + 4))?
5
Evaluate -3 + 0 + 11 + -4.
4
What is the value of 3 + -3 + 1 + 1?
2
Evaluate (-2 - -3) + -1 + -4 + 0.
-4
-4 - 5 - -20 - 9
2
What is 10 + -12 - (-7 - -3)?
2
What is the value of 2 - 8 - -1 - -3?
-2
What is the value of 3 + -1 - (1 - (6 + -3))?
4
Evaluate 13 + -14 + 5 + (-2 - -8).
10
What is the value of -10 + -5 + 8 + 6?
-1
-6 - (-1 + -1) - (1 - 1)
-4
-4 + 1 - -4 - 5
-4
-3 + -3 + 4 + 7
5
-2 - (1 - (-1 + 0) - 5)
1
Evaluate -3 - -14 - (0 + 8).
3
Calculate -2 - (-10 - (12 + -27)).
-7
-9 + (-2 - -9) - -4
2
Evaluate 3 + -5 + 3 - (-43 - -36).
8
What is the value of 1 - (-2 - 1) - 2?
2
Evaluate 13 + -3 + -3 + -10.
-3
-1 - (3 + (3 - -3 - 5))
-5
What is the value of 5 + (-8 - (8 + -3 + -7))?
-1
What is the value of -17 + (5 - 2) + 6?
-8
Evaluate 2 - (0 + 2 + 3).
-3
What is the value of -2 + (2 - 1 - -6)?
5
What is -8 + (-8 + -3 - -26)?
7
What is the value of -3 - -5 - (7 + 2 + -4)?
-3
Calculate -3 + (5 + -2 - 0) + 0.
0
Calculate -3 - (0 + -7 + 3).
1
What is the value of -7 + 1 + (2 - -1) - 1?
-4
Calculate 3 + 4 + (1 - 1 - 2).
5
-5 - (-12 + 10 + -5)
2
-7 - (13 + -6 - 14)
0
What is (-6 - -10) + (3 + -1 - 2)?
4
2 - (-1 + (5 - 2) - 1)
1
9 - (5 - (-4 - (-7 - -4)))
3
Evaluate 9 + -19 + 2 + 1 - -2.
-5
Calculate -23 + 18 - (1 - 7).
1
What is -7 + 9 - -6 - 2?
6
What is -1 + (-4 + 2 - 1)?
-4
(-3 - 5) + -4 + 11
-1
What is the value of 2 - (2 + -4 + 0 + -1)?
5
Evaluate 0 + -3 - (4 + -3 - 5).
1
What is -84 + 79 - (-1 - 5)?
1
What is the value of (-4 - (0 - 5)) + -6?
-5
1 + 0 + -6 + (4 - 2)
-3
Evaluate 1 - (1 + 5 + -6).
1
What is (4 - -7) + -5 - 2?
4
Evaluate 15 - 28 - (-3 - 3).
-7
Calculate 4 - (3 + 0 + (-10 - -5)).
6
What is 7 - (-1 - (-10 + 7))?
5
3 + (5 + -4 - 3)
1
Evaluate -1 - -1 - (-33 - -33).
0
Calculate -3 + 3 + -2 + (-4 - -10).
4
Evaluate -26 - -29 - ((0 - 0) + 4).
-1
Evaluate 1 - (4 + -2 - 2).
1
Calculate (-2 - -2) + 3 - (6 - 2).
-1
What is (2 - (4 - 10)) + -13?
-5
(-27 - -30) + (-2 - 1)
0
What is 4 + 1 + -6 + 1 + -1?
-1
Evaluate -14 + (-10 - (2 - 17)).
-9
What is 0 + (-6 - (-4 - -2))?
-4
Evaluate -3 - -13 - 6 - (-1 + 3).
2
What is 5 + (5 - 12 - -4 - 3)?
-1
(4 - 2) + 6 + 0 + -3
5
What is 6 - -6 - 24 - -10?
-2
What is the value of 3 - -4 - (-6 + 8 - -1)?
4
(8 - 5) + -3 + -1 + -2
-3
What is (0 + -6 + 3 - -6) + -10?
-7
Calculate 0 - 11 - -7 - (0 + 1).
-5
Evaluate 19 + -1 + -3 + -9.
6
Calc